isor of 37 and j.
37
Let w be (4/(-6))/(((-33)/(-329472))/(-1)). Calculate the highest common divisor of w and 384.
128
Suppose 0 = -5*u - 3*v - 1388, -v = 2*u - 6*v + 580. Let h = u - -156. Let q = h + 143. Calculate the highest common factor of q and 57.
19
Let j(k) = 34*k**3 + k**2 - 4*k - 7. Let b be j(-4). Let h be b/(-12) + 3/(-12). Let i = h + -103. Calculate the greatest common factor of 114 and i.
38
Let f(g) = -58*g + 2112. Let q be f(36). Let c = -279 + 975. Calculate the highest common factor of c and q.
24
Suppose 2483 - 53517 = -121*r - 37*r. Suppose 3*l - 2*l = 17. What is the highest common divisor of l and r?
17
Suppose 3*n - 87 = -3*b, -5*b - 3*n - 48 = -197. Let z(h) = -6*h**2 - 47*h - 4. Let c be z(-6). Calculate the greatest common divisor of c and b.
31
Let o(i) = i**3 - 28*i**2 + 251*i - 8. Let n be o(13). What is the highest common factor of n and 35?
5
Let u(v) = v**3 - 20*v**2 - 72*v + 86. Let l be u(23). Suppose 162 = -5*s + 1097. What is the highest common divisor of l and s?
17
Suppose -9*r = 5*a - 6*r - 2995, -2*a + 2*r = -1198. Let i = a + -523. What is the greatest common factor of i and 8?
4
Let c(g) = 66*g - 1234. Let s be c(33). What is the highest common factor of 177 and s?
59
Suppose 0 = 3*h - 2*t - 1086, 4*h + 2*t + 523 - 1999 = 0. What is the greatest common factor of 244 and h?
122
Let a(g) = -g**2 + 8*g + 19. Let j be a(8). Let i(v) = 0 - j*v**3 + 2 + 2*v + 20*v**3 + 4*v**2. Let d be i(-3). What is the highest common factor of 50 and d?
5
Let k = -77 + -237. Let p = k - -566. What is the highest common divisor of p and 28?
28
Let q be 7/(35/765) - ((-16)/(-8) + -9). What is the highest common factor of 790 and q?
10
Let p = 19609 - 16139. Calculate the greatest common divisor of p and 50.
10
Let n be (-7)/(-2) + (-15)/10*-1. Suppose 0 = 3*x + 9 - 18. Suppose 5*i - 45 = 4*s - 0*s, -3*i = x*s. Calculate the greatest common divisor of i and n.
5
Let m(w) = -3*w**3 - 11*w**2 - 32*w - 24. Let h be m(-4). What is the greatest common divisor of 296 and h?
8
Suppose 6*q - 7*q + 4*t = 7, -3*q + 4*t + 3 = 0. Suppose -4*o + q*p = o - 470, -o + 2*p = -96. What is the greatest common factor of o and 4?
4
Let t(j) be the second derivative of j**4/6 - 5*j**3/2 + 20*j**2 + 2*j - 29. Let g be t(5). What is the greatest common factor of g and 12?
3
Let a = 2894 - 2884. Let x = -33 - 21. Let v = x + 84. Calculate the greatest common factor of a and v.
10
Let z(v) = v**2 - 72. Let a be z(-21). Suppose 366*q - a*q + 84 = 0. Calculate the highest common factor of 91 and q.
7
Let w(k) = -49*k + 482. Let s be w(-7). What is the greatest common factor of 935 and s?
55
Let o(c) = 2*c**2 + 36*c - 271. Let d be o(-27). Let n(y) = 17*y - 2. Let w be n(-3). Let g = 96 + w. What is the highest common divisor of d and g?
43
Let o be (-3143)/(-28) + 4/(16/3). Let z = 127 - o. What is the greatest common divisor of z and 266?
14
Let d(y) = y**2 - 22*y + 93. Suppose 41*m - 119 = 34*m. Let h be d(m). Calculate the highest common divisor of h and 344.
8
Let x(a) = -25*a - 569. Let n be x(-41). What is the highest common divisor of n and 96?
24
Suppose -2*s - 4*d = -210, s + 5*d + 34 - 136 = 0. Suppose y - 5*n - 46 = -8*n, -3*n + s = 2*y. What is the highest common factor of 183 and y?
61
Let r(j) = 3*j**2 + 8. Let w be r(-2). Suppose 4*f - 5040 = -w*f. What is the highest common factor of f and 42?
42
Let v(j) = -j - 16. Let k be v(-11). Let p be (72/30)/(1/k). Let w be (-15)/p - 60/(-16). What is the greatest common divisor of w and 55?
5
Let o be (0 - 310)*(-2 - -1). Suppose -11*m - 330 + 551 = -461. What is the greatest common factor of m and o?
62
Suppose -14*f = 2*f + 288. Let z be (-20)/120 + (2 - 219/f). What is the greatest common divisor of z and 35?
7
Suppose -c + 497 = 4*c - 1263. Calculate the greatest common divisor of c and 22.
22
Let y = -12 + 14. Suppose -d = 2*b - 5*b + 267, 0 = -y*b + 4*d + 188. Suppose -6*m + 3 = -63. Calculate the highest common divisor of b and m.
11
Suppose -5*w = -3*o + 40, 4*o + o - 4*w = 58. Let y be 15/o - (-618)/4. What is the greatest common factor of y and 24?
12
Suppose c - 59 = 3*g - 28, 3*g = 2*c - 77. Calculate the highest common divisor of c and 1334.
46
Suppose -c + 3*u - 8*u = -13, 0 = c - 5*u - 33. Calculate the greatest common factor of 1679 and c.
23
Let b(o) = 316*o**3 + 28*o - 59. Let y be b(2). Calculate the greatest common factor of y and 25.
25
Let u(x) = -4*x**3 + 2*x**2 + 4*x + 5. Let f be u(-2). Let s(l) = 140*l + 14745. Let t be s(-104). Calculate the greatest common factor of t and f.
37
Suppose 0 = 9*z + 2795 - 10337. Let f be 78/(-8) - -9 - z/(-8). Calculate the greatest common divisor of f and 13.
13
Let f = 30300 - 17822. Calculate the highest common divisor of f and 34.
34
Suppose -4*d = -25*d + 63. Suppose 5*y + 48 = 193. Let k = y + -2. What is the greatest common divisor of d and k?
3
Suppose c - 9 = 3 - 9. Let p(a) be the first derivative of 2*a**3/3 - 3*a**2 + 7*a - 1. Let m be p(c). Calculate the highest common factor of m and 35.
7
Let g = 198 + -252. Let a = 373 + g. Calculate the highest common factor of 58 and a.
29
Let f = 25671 - 25649. Suppose 2*b + b = 165. What is the greatest common factor of f and b?
11
Suppose -3*c = -7*p + 12*p - 3481, -6*p = c - 1156. Calculate the greatest common factor of 56 and c.
14
Let f(g) = 7*g + 4. Let h be f(0). Let w be (-729)/(-3) - (h + -1). Let m be ((-16)/10)/((-11)/330). What is the highest common divisor of m and w?
48
Suppose -12*w = -g - 10*w + 42, 0 = 3*g + w - 98. Calculate the highest common divisor of 34 and g.
34
Suppose 0 = 62*z - 58*z + d - 2135, 3*d + 2107 = 4*z. Let o be 22/121 - (-304)/22. What is the greatest common divisor of z and o?
14
Suppose 0 = -2*j + j - 5, 5*g - 185 = -j. Let q = g + -11. Suppose 0 = 5*n + 5, 5*n = -3*z + 94 + q. What is the highest common factor of 28 and z?
14
Let i be ((-27)/12)/(45/(-120)). Suppose i*u + 37 = 169. Calculate the greatest common divisor of 33 and u.
11
Let u(o) = 12*o**2 + 33*o - 124. Let d be u(4). Let t(p) = 81*p**3 - p**2 + p - 1. Let z be t(1). Calculate the greatest common divisor of d and z.
40
Suppose 0 = 4*f - 4, 0 = -2*w + 4*w - 5*f - 1. Let j = 26316 - 26310. Calculate the greatest common factor of j and w.
3
Suppose -3252 = -12*y + 10*y - 5*g, 0 = 2*y - 3*g - 3252. Suppose -26*k = 456 - y. What is the greatest common factor of k and 27?
9
Let x(h) = -2*h**3 - 2*h**2 + 23*h. Let c be x(-4). Let s be (248/(-32)*c)/(-1). Suppose 124 = -3*b + 7*b. Calculate the greatest common factor of b and s.
31
Let v(w) = -w**3 + 7*w**2 - 2*w + 18. Let z be v(7). Let u be -3*(-1 + -6 + z). Suppose -u*d + 1312 + 767 = 0. What is the greatest common divisor of d and 33?
33
Suppose i - 876 = -2*q, 1119 + 2415 = 4*i - 2*q. Suppose 4476*k - 8967*k + 4480*k + 693 = 0. What is the greatest common factor of i and k?
63
Let h(q) = -792*q - 385. Let m be h(-6). Calculate the highest common divisor of 55 and m.
11
Suppose -104 = -245*l + 141*l. What is the greatest common factor of l and 1107?
1
Let z = -7036 + 7746. What is the highest common divisor of z and 6958?
142
Let r(n) = -36*n + 4. Let g be r(-3). Let b = 117 - 115. Suppose 2*x - 24 = -2*k, -k + 72 = 4*k + b*x. Calculate the greatest common factor of g and k.
16
Let j be -93 + 87 - (-1 + 2 - 631). What is the highest common factor of j and 16?
16
Let d = -6660 - -6689. Calculate the greatest common divisor of 928 and d.
29
Let m = 102 + -60. Let b(z) = -2 + 11*z - 3 + 0. Let u be b(3). Calculate the greatest common factor of u and m.
14
Let t = 2743 + -2737. Calculate the highest common divisor of 543 and t.
3
Suppose 72 = 3*m - 4*k, 6*m - m + k - 120 = 0. Calculate the highest common factor of 264 and m.
24
Let d(z) = 11*z**3 + 3*z**2. Let l be d(1). Calculate the greatest common divisor of 9366 and l.
14
Let q = -4848 + 5121. Calculate the highest common factor of 63 and q.
21
Let a be (-18)/(-45) - 13/20 - 2271/(-12). Calculate the highest common factor of 216 and a.
27
Suppose 0*v + 15644 = 13*v - 931. Calculate the highest common divisor of v and 51.
51
Suppose 20 = 3*l + 3*c - 2*c, -4*c - 11 = -l. Suppose -47 - 44 = -l*r. Calculate the greatest common factor of r and 585.
13
Let l be (-37)/13 + 22/(-143). L